actors of r(-6)?
2, 11
Suppose -176 - 6 = 2*l. Let c = 12 - l. List the prime factors of c.
103
Let x(b) = 23*b**2 - 5*b + 19. List the prime factors of x(-4).
11, 37
Let j(p) = -2*p**3 - p**2 - 5*p - 4. Let k(t) = t**3 - t**2 + t. Let d(v) = 2*j(v) + 6*k(v). List the prime factors of d(6).
2, 7
Let j(s) be the second derivative of 9*s**3/2 - 11*s**2/2 + 30*s. What are the prime factors of j(2)?
43
Let g = 0 - -1. Suppose 5*x + 18 = 38. Let c = x - g. What are the prime factors of c?
3
Suppose -r + 5*y = -52, 0*r + y - 64 = -r. What are the prime factors of r?
2, 31
Suppose -7*g = -5*v - 6*g + 18624, 5*v - 3*g - 18632 = 0. List the prime factors of v.
2, 7, 19
Let z(y) = -y**3 + 14. Suppose 15 = -5*s - 15. Let n be (3 - (-3 - s))/2. List the prime factors of z(n).
2, 7
Suppose -3*s + 0*s + 1063 = -5*h, -4*s + 3*h = -1421. What are the prime factors of s?
2, 89
What are the prime factors of (-3)/2*(-299 - (-6)/(-2))?
3, 151
Suppose -2*n = -14*n + 468. List the prime factors of n.
3, 13
Let f = 10893 + -6217. What are the prime factors of f?
2, 7, 167
Suppose k - 7 = 2*q + 15, -5*k - 5*q = -185. Let m = -34 + 42. Suppose -k = 6*o - m*o. What are the prime factors of o?
2
Suppose -3*l - 8*l = 55. Let g(j) = 2*j**2 - 7*j + 1. What are the prime factors of g(l)?
2, 43
Let k = -140 + 574. What are the prime factors of k?
2, 7, 31
Suppose 7*l - 6264 = -2*l. What are the prime factors of l?
2, 3, 29
Let o = 17 + -17. Suppose -6*q + q = -5*v - 60, o = -q - 5*v - 12. Suppose -q = -3*w + 52. What are the prime factors of w?
2, 5
Let i(j) = 3*j**2 - 11*j - 16. Let w be (6 - 0) + 7 + -5 + 2. List the prime factors of i(w).
2, 3, 29
Suppose 5*m - 86 = -21. Let u = 15 - m. Suppose 0*y + u*x = -y + 25, 5*y + 2*x - 141 = 0. What are the prime factors of y?
29
Let l = 10 + -39. Let k = l + 31. List the prime factors of k.
2
Let p(l) = 3*l + 1 - 17*l**2 + 0 + 18*l**2. What are the prime factors of p(8)?
89
Suppose 19*t - 10813 = -1237. List the prime factors of t.
2, 3, 7
Suppose -19*x + 21*x = 2826. What are the prime factors of x?
3, 157
List the prime factors of (17 + -10)*(1*54 + -3).
3, 7, 17
Let z = -7 + 8. Let w be 2/(-2) + 3 - z. List the prime factors of -1 - 7*-5 - w.
3, 11
Let q = 5081 + -2088. What are the prime factors of q?
41, 73
Let x be -2 - (-2 - (0 - -23)). Let i = 73 - x. Suppose 2*v - i = -20. List the prime factors of v.
3, 5
Let v = -8 - -5. Suppose 34 + 45 = 3*r + s, 0 = -5*r - 2*s + 131. List the prime factors of r - (v + 3) - 0.
3
Suppose -3*q + 4*u + 2 + 30 = 0, 0 = 5*q - 4*u - 64. Let w = -16 + q. Suppose w = -4*l + v + 175, 206 = 3*l + 2*l + 3*v. What are the prime factors of l?
43
List the prime factors of (2 + (1 - 1))/(46/9292).
2, 101
Suppose 5*n - 6*n + 3 = 0. Let z be 1/(-3) - (-1)/n. Suppose z = 2*x + 2*x - 8. List the prime factors of x.
2
Let h(l) = -l**2 - 7*l + 5. Let v be (-1)/(-2 + (-69)/(-36)). Suppose b - v = 3*b. List the prime factors of h(b).
11
Suppose 0 = -14*y + 16*y - 154. Let j = -33 + y. List the prime factors of j.
2, 11
Suppose 8 - 398 = 5*x. List the prime factors of (-4784)/x*((-6)/(-4) - 0).
2, 23
Let i(h) = -h**2 - 7*h + 3. Let u be i(-7). Suppose -2*l + 2 = 2*d - 4, u*d = 2*l - 31. Suppose -l*o + 11*o = 171. List the prime factors of o.
3, 19
Let l(b) be the third derivative of -4*b**2 - 1/3*b**3 + 0 - 1/12*b**4 + 11/60*b**5 + 0*b. What are the prime factors of l(-1)?
11
Suppose -3*r = 59 - 47, 3*r = q - 579. What are the prime factors of q?
3, 7
Suppose -3*c + 0*r + 5*r + 761 = 0, 0 = -5*c - 5*r + 1255. List the prime factors of c.
2, 3, 7
Let n = -125 - -138. List the prime factors of n.
13
Let s be (58/4)/(1/2). Let f = 16 - s. List the prime factors of ((-1)/((-1)/f))/(-1).
13
Suppose 0 = 4*l + 4*l - 344. Let n = l - -90. List the prime factors of n.
7, 19
Suppose -25*v + 30*v = -15. List the prime factors of (-5 + 4)*48/v.
2
Let b(f) = -f**3 + 7*f**2 - 7*f + 5. Let i be b(4). Let h = i - 22. Suppose 2*q - s = 8, h*q + 11 = 8*q + 2*s. List the prime factors of q.
3
Let o = -118 + -67. Let s = 278 + o. List the prime factors of s.
3, 31
List the prime factors of (4 - (-864)/20)/((-16)/(-280)).
2, 7, 59
Suppose -5*q = -5, 5*m = 3*m - 4*q + 1820. What are the prime factors of m?
2, 227
Let d = -127 - -430. List the prime factors of d.
3, 101
Let c = 765 + -6405. What are the prime factors of (1/(-3))/(c/(-1881) - 3)?
11, 19
Let q be (2/4)/((-2)/(-144)). Let s be (-4 - -1) + 2 + -1. What are the prime factors of (q - s)*1/1?
2, 19
Let c(m) = -m**3 + 6*m**2 + 6*m + 7. Let f be c(5). Let g = f + -3. What are the prime factors of g?
59
Let b = 3 - -57. Suppose 5*h = h - 2*x - b, 30 = -2*h + 2*x. Let d = h + 27. List the prime factors of d.
2, 3
Suppose 8*i - i + 105 = 0. List the prime factors of 1/(25/2765) + (-6)/i.
3, 37
Let g(s) = 7*s**2 - 5*s - 20. Let p(c) = 3*c**2 - 3*c - 10. Let b(y) = -2*g(y) + 5*p(y). What are the prime factors of b(8)?
2, 7
Let h be ((-11656)/(-6))/(14/42). Suppose -5*d - 2*m + 1327 = -h, m = -2*d + 2862. List the prime factors of d/24 - (-15)/40.
2, 3, 5
Let c = 3 + -3. Suppose -90 = 5*f - c*f. List the prime factors of (9*-1)/(f/48).
2, 3
Let l = 7 + -2. Let k = -5 - -9. Suppose -l*s + 16 = n - s, k*n - 64 = 2*s. What are the prime factors of n?
2
Suppose 3*w + 24 = 3*g, 3*g + 2*w = -3*w - 16. Suppose -2*z = -p + z + 13, 5*p + g*z - 47 = 0. What are the prime factors of ((-60)/(-25))/(3/p)?
2
Let u(y) = y**2 - y + 1. Let v(a) = -5*a**2 + 3*a - 1. Let w(l) = 6*u(l) + v(l). List the prime factors of w(-6).
59
Let w(r) = 25*r**2 - 94*r + 655. List the prime factors of w(7).
2, 13, 47
Suppose 3*u + 13*g = 11*g + 1803, 3*u + 5*g - 1812 = 0. What are the prime factors of u?
599
Let k = 3372 + -2249. What are the prime factors of k?
1123
Let x(a) be the third derivative of a**5/60 - a**4/6 - 4*a**3/3 + 4*a**2. Let t be x(-6). Suppose -3*r + 5*r - t = 0. List the prime factors of r.
2, 13
Let s = 933 + -1311. What are the prime factors of s/12*42/(-9)?
3, 7
Suppose 18*d - 17*d = -4. Let l(p) = p**3 + 5*p**2 - 3*p - 7. Let w be l(-5). List the prime factors of (d/6)/(w/(-228)).
19
Suppose 6308 - 678 = 10*u. What are the prime factors of u?
563
Suppose -127*x = -130*x + 39. What are the prime factors of -24*2/(-3)*x?
2, 13
Suppose -6*f = -4*f. Suppose -4*z = -f*w + w - 51, -3*w - 5*z + 132 = 0. What are the prime factors of w?
3, 13
Let m(l) = l**2 + 5*l - 22. Let d be m(10). Let y be d/24*(-9)/(-4). List the prime factors of (-117)/6*y/(-18).
13
Let g(s) = 2*s**3 - 7*s**2 + s. Let h(l) = -l**3 - 5*l**2 + 4*l - 10. Let c be h(-6). Let d = c + 3. List the prime factors of g(d).
2, 5
Suppose -17*a + 12*a + 9275 = 0. List the prime factors of a.
5, 7, 53
Suppose -1 = -5*d - 31. Let g = -4 - d. Suppose g*p = 2*y - 2*p - 38, 3*y + 4*p = 27. List the prime factors of y.
13
Let l = -2745 + 3666. What are the prime factors of l?
3, 307
Suppose 3*u = 6*u + 72. Let k be ((-45)/(-12))/((-9)/u). List the prime factors of k/4*592/40.
37
Suppose 0 = 5*g - 3*i + i - 2, 2*g = 2*i + 2. Suppose 2*p - 27 - 67 = g. List the prime factors of p.
47
Suppose -5*l = -399 - 1161. What are the prime factors of l?
2, 3, 13
Let i(u) = 5*u. Let t(s) = s**2 + 9*s - 1. Let r(c) = -5*i(c) + 3*t(c). What are the prime factors of r(4)?
53
Suppose -5*u = -20, -5*u + 20 = 4*d + d. Suppose -n - n + 46 = d. Let h = -6 + n. What are the prime factors of h?
17
Let c(t) = t**3 - 4*t**2 - 6*t + 8. Let h be c(5). Suppose h*l = l + 10. List the prime factors of l.
5
Let n(w) = 7*w + 6. Let v be n(16). Let j = -71 + v. List the prime factors of j.
47
Let r = 40 - 40. Suppose r = 6*k - k - 655. List the prime factors of k.
131
Let s = 74 - 77. Let l(b) = 20*b + 1. Let k be l(1). Let t = s + k. List the prime factors of t.
2, 3
Let q = -13 + 20. Let f(m) = m - q + 2*m - m. List the prime factors of f(9).
11
Suppose 4*m + 358 = 30. Let c = m + 115. List the prime factors of c.
3, 11
Let h(b) = 2*b**3 + 6*b**2 - 11*b + 6. Let l be h(4). Suppose -40 - 53 = -z - 3*x, 2*z = -4*x + l. List the prime factors of z.
3, 31
Suppose 3 = 3*q - 159. Suppose 2*o = -3*f - o + q, -3*f - 2*o = -58. Suppose -n = -f - 2. List the prime factors of n.
2, 3
Suppose o - 1357 = 239. What are the prime factors of o?
2, 3, 7, 19
Suppose 0 = -0*y - 3*y - t